 - 41. Is l prime?
False
Suppose -1434 - 923 = -n. Is n a composite number?
False
Let s be 0/1 + 1 - -2. Let k be 4/6 - (-943)/s. Let m = k - 188. Is m composite?
False
Suppose 10 - 41 = z + 3*b, -z - 5*b = 35. Let p = 12 + z. Let v = -6 - p. Is v prime?
True
Suppose 5 = 5*f + 6*p - 2*p, -4*p + 3 = 3*f. Let t(z) = 6*z**3 + z. Is t(f) prime?
True
Let l = -4 - -7. Suppose -g + 2 = -l. Suppose g*i - 288 = -3*t, 3*i + 94 = t + 4*i. Is t a composite number?
True
Suppose 4 + 0 = u. Suppose -298 - 298 = -u*l. Is l a prime number?
True
Is -3*(-3 + -22) - -2 composite?
True
Let o = 4 + -3. Suppose -d + 2*r + 7 = 19, 4*d - 4*r + 28 = 0. Is 0/(o + d) - -7 a prime number?
True
Let k(z) = z**2 - z. Let d(y) = -y**2 - 4*y + 6. Let c be d(-5). Let a be k(c). Suppose -w + 3*l = -34, -5*w - 5*l = -a*l - 150. Is w composite?
False
Let t(s) = -9*s + 5. Let f be t(-4). Let n = f + 140. Is n composite?
False
Let z = -6 + 1. Let g(x) = 7*x**2 + 5*x + 7. Is g(z) a composite number?
False
Is 3 + -2 - (-2233 - -7) a composite number?
True
Suppose 3*s - 59 = 5*r + 441, -387 = 4*r - 5*s. Let f = 234 + r. Is f a composite number?
False
Let p = -538 + 865. Is p composite?
True
Suppose -5*y + 117 = -2*y. Is y prime?
False
Let t be (1/(-2))/((-3)/1158). Let y = 40 + t. Is y a prime number?
True
Let r = -4 + 3. Let s be 64 + (3 - (r + 3)). Let q = s - 34. Is q a composite number?
False
Suppose -6*n + 8 = -2*n. Suppose -j + 5*b = -16 - 14, -n*b + 10 = 4*j. Suppose -i + 2*i - 108 = -j*v, -2*i - v = -261. Is i a composite number?
True
Suppose -a = 2*y - 666, 2*y - 7*a + 2*a = 642. Is y prime?
True
Let n = 159 + -5. Is (-2)/4*n/(-1) prime?
False
Let q(a) = 7*a**2 + 2*a - 9. Let p be q(7). Suppose -2*v = 134 - p. Suppose 3*f + 5*k = v, 3*f = 2*f - k + 37. Is f prime?
False
Let o be (-1)/(2/(-26))*3. Suppose z = 2*z + o. Let f = 154 + z. Is f composite?
True
Suppose -4*n - 3*i = -2*n - 22, 3*n + 3*i - 30 = 0. Is 628/6*12/n composite?
False
Let f = 878 - 139. Is f prime?
True
Suppose -2*u = -s + u - 8, 5*s - u = 2. Let q(i) = -4*i - s - 6*i + i. Is q(-6) prime?
True
Suppose -9*d + 9138 = -3*d. Is d composite?
False
Let q be ((-1)/(-1))/(2/4). Let u(s) = -3*s**3 + 13*s**2 - 11*s + 11. Let c(w) = w**3 - 6*w**2 + 5*w - 5. Let i(n) = -9*c(n) - 4*u(n). Is i(q) a prime number?
True
Let t(d) = -d**3 - 3*d**2 - d + 3. Let h be t(-3). Let f(z) = -z**2 + 6*z + 6. Let y be f(h). Suppose 3*q = -y, 3*q - 6 - 7 = -i. Is i a composite number?
False
Is 80/(-60)*11082/(-8) a prime number?
True
Suppose u - 15 = -4*i, -2*i + 5*u + 2 = -11. Suppose 0*w - 2*w = -3*x + 12, i*x + w - 5 = 0. Suppose 0 = 3*r, -h + r = -x*r - 15. Is h a prime number?
False
Let l(w) = -5*w**2 - w + 2. Let n be l(3). Is ((-3)/2)/(3/n) a prime number?
True
Let z be (-8)/36 - 119/(-9). Let h(y) = -5 - 6 - z*y - y**2 + 4. Is h(-6) a composite number?
True
Suppose 5*h - 35 = 5*b, -4*h + 0*h - 5*b = -1. Suppose h*q - 644 + 112 = 0. Is q composite?
True
Suppose 5*f = 451 + 144. Is f prime?
False
Suppose -u - 3*u - 72 = 0. Suppose 43 + 57 = 4*p. Let v = u + p. Is v a composite number?
False
Suppose -2*j - 19 = 35. Let t = -16 - j. Is t prime?
True
Suppose -337 - 1336 = -7*v. Is v composite?
False
Suppose 8 = 2*p - 0*p. Suppose 0 = -2*t - 0*v - 5*v + 71, -4*t + p*v = -128. Is t prime?
False
Let g(a) = 4*a**2 + 4*a + 5. Is g(4) a prime number?
False
Let r(i) = i**3 - 13*i**2 - 6*i + 8. Let a(q) = -q**2 + q + 1. Let z(v) = 5*a(v) - r(v). Is z(9) prime?
False
Let j be -4 + 1 - -5 - 1. Let u(v) be the first derivative of 9*v**4 - 2*v**3/3 + v - 1. Is u(j) prime?
False
Let i(q) = -14*q**2 + 4*q. Let m be i(3). Suppose -4*b + 0*b - 220 = 0. Let l = b - m. Is l a composite number?
False
Let r = -134 - -675. Is r a composite number?
False
Let t be (-162)/(-4)*(3 - 1). Suppose -t = -r + 60. Suppose 3*p = -0*p + r. Is p a prime number?
True
Let m = 301 - -889. Let w = -795 + m. Is w a composite number?
True
Let r(q) = -q**3 + 12*q**2 + 2*q - 2. Is r(11) a prime number?
False
Let t(i) = i**3 + 5*i**2 - 9*i - 8. Let k(v) = 6*v**3. Let x be k(-1). Let w be t(x). Is 2/1 + w + 1 prime?
True
Suppose -2*z + 19 = -3*l, -8*z = 3*l - 3*z + 5. Let n = l - -18. Is n composite?
False
Let b = 245 - 163. Is b a composite number?
True
Suppose 9 = 3*p - h - 8, 0 = 3*p + 5*h + 13. Is (-3 + p)*(36 + -1) a composite number?
True
Let s be (-2)/10 + (-1)/(-5). Suppose -3*g + u = -69, s = -3*g + 8*g + 3*u - 115. Is g prime?
True
Suppose -1113 = m - 4*m. Is m a composite number?
True
Let v = 16 + -15. Is v/(-3*2/(-1266)) composite?
False
Let z be (-78)/(1/(4/4)). Let j = z + 143. Is j prime?
False
Suppose 3*n - 15 = 0, 3*u + 603 - 2521 = n. Is u a prime number?
True
Suppose s - 25 = x + 3*x, 143 = 5*s - 2*x. Let v be s/3 - (-3)/9. Is (v/(-6))/(6/(-126)) a composite number?
True
Let s(b) = b**2 + 7*b - 6. Let c be s(-8). Let a(z) = 2*z**2 + 3 - z**c + 8*z - 10*z. Is a(4) a prime number?
True
Suppose 0 = -4*h - 5*p + 1781, h + 3*p - 434 = 4*p. Is h a composite number?
False
Suppose 5*z - 6 + 1 = 0. Let i be (-53 - 6)/(2/2). Is 4*z/((-4)/i) a prime number?
True
Let z be (-4)/(-16) + 1563/4. Suppose -z = 2*k - 7*k - 2*w, k - 80 = -w. Is k a composite number?
True
Let w(s) be the third derivative of s**5/20 + s**4/24 - s**3/2 - 3*s**2. Is w(5) prime?
False
Is (0 + (-2)/1)/(46/(-38111)) composite?
False
Let a(v) = v - 5. Let u be a(5). Suppose -4*c + 12 = u, -j + 3*c = 3*j - 755. Is j a prime number?
True
Let p = -11 + 15. Suppose 686 = p*z - 158. Is z composite?
False
Suppose 4091 = 4*i - 4233. Is i composite?
False
Let d(m) = 5*m**2 + m + 3. Suppose -l = -5*q - 3*l + 23, -q = 4*l - 19. Is d(q) prime?
False
Let p be 727/(-9) - 4/18. Let j = -26 - p. Is j a composite number?
True
Suppose 4*s = 5*s - 415. Let v = s + -224. Is v a prime number?
True
Suppose 499*y = 495*y + 748. Is y composite?
True
Let h(t) be the third derivative of -t**6/120 + 2*t**5/15 - 5*t**4/24 - 2*t**3/3 - 3*t**2. Is h(6) a composite number?
True
Let u(r) = 51*r**2 - 3*r + 3. Let f be u(2). Suppose -6*z = -9*z + f. Is z composite?
False
Let x(h) = 89*h**3 - 2*h**2 - 2. Let v be x(-2). Let z = v + 1296. Suppose 0*t + z = 2*t. Is t prime?
False
Let q(f) = -2 + 2*f**2 - f**2 + 4 - 3*f. Let h be q(3). Let v = h - -1. Is v a composite number?
False
Let l(p) = p**3 + 2*p**2 + 1. Let j be l(-2). Let t(c) = 3*c + 0 - 4 - j. Is t(5) a composite number?
True
Let u(a) = 19*a - 30. Is u(17) composite?
False
Suppose 0*m + m + 34 = 2*f, -5*m = 2*f - 46. Is ((f - -2) + -3)*7 composite?
True
Let i(v) = -v**2 + v + 3. Let j be i(0). Suppose -j*a + 4*a = 37. Is a a composite number?
False
Suppose 0 = -c - 3*c. Let r(f) = 2*f + 263. Is r(c) a composite number?
False
Suppose -2*l - l + 9 = 0. Is ((-186)/(-9))/(2/l) a prime number?
True
Suppose y - 1 = 2. Suppose -2*p = x - 16, y*x + 0*p - 33 = -p. Let r = x - 3. Is r prime?
True
Let n(x) = 11*x**2 + 6*x + 5. Is n(-4) a prime number?
True
Is ((-354)/(-9))/(4/18) a composite number?
True
Let x be 4 + -1 - (10 - 11). Suppose 0*s + 348 = x*v - 2*s, -3*v - s + 271 = 0. Is v a composite number?
False
Suppose y = -4*o, -o = -3*y - 2*o. Suppose 5*a - m = 2800 - 527, -2*m = -5*a + 2276. Suppose 0 = 3*q + 5*x - a, y = q - 0*q - 5*x - 118. Is q prime?
False
Let a(j) be the first derivative of -j**3/3 - j**2/2 + 2*j + 4. Let g be a(-2). Suppose g = k - 9 - 10. Is k prime?
True
Let n = 11 + -21. Is (2 + 1)/((-3)/n) a prime number?
False
Suppose -8*q + 483 = -q. Suppose 0 = 7*g - q - 673. Is g a prime number?
False
Let l(m) = m + 7. Let x be 4/22 + 474/(-66). Let f be l(x). Suppose 0 = -f*v - v + 11. Is v prime?
True
Suppose 0 = 3*r + 12, 3*r = -s + 4*s - 1347. Is s a prime number?
False
Let j(b) = 8*b**2 - 4*b + 3. Suppose 0*r = 4*r - 20. Is j(r) a composite number?
True
Let q(i) = 34*i**2. Let r = -12 + 13. Is q(r) composite?
True
Let b(d) = 4*d**3 - 11*d**2 + 3*d - 5. Let s(a) = 5*a**3 - 12*a**2 + 2*a - 6. Let f(g) = -6*b(g) + 5*s(g). Let l(v) = -v - 4. Let j be l(3). Is f(j) prime?
True
Let y = 322 + -203. Is y a composite number?
True
Let y(t) = 34*t + 1. Suppose 0 = -2*n + 2. Is y(n) prime?
False
Suppose -4*r = 5*t - 1667, -r + 334 = t - 0*r. Is t composite?
False
Let f(g) = -2*g**3 - 4*g**2 - 3*g + 1. Is f(-4) composite?
True
Suppose -y = 5*i + 4*y - 20, i - 1 = 2*y. Let t